{"id":424,"date":"2023-03-18T12:29:36","date_gmt":"2023-03-18T12:29:36","guid":{"rendered":"https:\/\/gabrielasilvapsicologa.com.br\/?page_id=424"},"modified":"2025-01-22T14:46:46","modified_gmt":"2025-01-22T14:46:46","slug":"sobre-mim","status":"publish","type":"page","link":"https:\/\/gabrielasilvapsicologa.com.br\/?page_id=424","title":{"rendered":"Sobre Mim"},"content":{"rendered":"\t\t<div data-elementor-type=\"wp-page\" data-elementor-id=\"424\" class=\"elementor elementor-424\">\n\t\t\t\t\t\t\t\t\t<section class=\"elementor-section elementor-top-section elementor-element elementor-element-7c2ccc3 elementor-section-height-min-height elementor-reverse-mobile elementor-section-boxed elementor-section-height-default elementor-section-items-middle\" data-id=\"7c2ccc3\" data-element_type=\"section\" data-settings=\"{&quot;background_background&quot;:&quot;classic&quot;}\">\n\t\t\t\t\t\t<div class=\"elementor-container elementor-column-gap-default\">\n\t\t\t\t\t<div class=\"elementor-column elementor-col-50 elementor-top-column elementor-element elementor-element-182fffb\" data-id=\"182fffb\" data-element_type=\"column\">\n\t\t\t<div class=\"elementor-widget-wrap elementor-element-populated\">\n\t\t\t\t\t\t\t\t<div class=\"elementor-element elementor-element-aea5ff9 elementor-widget elementor-widget-image\" data-id=\"aea5ff9\" data-element_type=\"widget\" data-settings=\"{&quot;_animation&quot;:&quot;none&quot;}\" data-widget_type=\"image.default\">\n\t\t\t\t<div class=\"elementor-widget-container\">\n\t\t\t<style>\/*! elementor - v3.12.1 - 02-04-2023 *\/\n.elementor-widget-image{text-align:center}.elementor-widget-image a{display:inline-block}.elementor-widget-image a img[src$=\".svg\"]{width:48px}.elementor-widget-image img{vertical-align:middle;display:inline-block}<\/style>\t\t\t\t\t\t\t\t\t\t\t\t<img loading=\"lazy\" decoding=\"async\" width=\"732\" height=\"1024\" src=\"https:\/\/gabrielasilvapsicologa.com.br\/wp-content\/uploads\/2024\/12\/HZLIE8376-732x1024.jpg\" class=\"attachment-large size-large wp-image-1052\" alt=\"\" srcset=\"https:\/\/gabrielasilvapsicologa.com.br\/wp-content\/uploads\/2024\/12\/HZLIE8376-732x1024.jpg 732w, https:\/\/gabrielasilvapsicologa.com.br\/wp-content\/uploads\/2024\/12\/HZLIE8376-214x300.jpg 214w, https:\/\/gabrielasilvapsicologa.com.br\/wp-content\/uploads\/2024\/12\/HZLIE8376-768x1075.jpg 768w, https:\/\/gabrielasilvapsicologa.com.br\/wp-content\/uploads\/2024\/12\/HZLIE8376-1098x1536.jpg 1098w, https:\/\/gabrielasilvapsicologa.com.br\/wp-content\/uploads\/2024\/12\/HZLIE8376-1463x2048.jpg 1463w, https:\/\/gabrielasilvapsicologa.com.br\/wp-content\/uploads\/2024\/12\/HZLIE8376-scaled.jpg 1829w\" sizes=\"auto, (max-width: 732px) 100vw, 732px\" \/>\t\t\t\t\t\t\t\t\t\t\t\t\t\t\t<\/div>\n\t\t\t\t<\/div>\n\t\t\t\t\t<\/div>\n\t\t<\/div>\n\t\t\t\t<div class=\"elementor-column elementor-col-50 elementor-top-column elementor-element elementor-element-cdf332f\" data-id=\"cdf332f\" data-element_type=\"column\" data-settings=\"{&quot;animation&quot;:&quot;none&quot;}\">\n\t\t\t<div class=\"elementor-widget-wrap elementor-element-populated\">\n\t\t\t\t\t\t\t\t<div class=\"elementor-element elementor-element-909cb3e elementor-widget elementor-widget-heading\" data-id=\"909cb3e\" data-element_type=\"widget\" data-widget_type=\"heading.default\">\n\t\t\t\t<div class=\"elementor-widget-container\">\n\t\t\t<style>\/*! elementor - v3.12.1 - 02-04-2023 *\/\n.elementor-heading-title{padding:0;margin:0;line-height:1}.elementor-widget-heading .elementor-heading-title[class*=elementor-size-]>a{color:inherit;font-size:inherit;line-height:inherit}.elementor-widget-heading .elementor-heading-title.elementor-size-small{font-size:15px}.elementor-widget-heading .elementor-heading-title.elementor-size-medium{font-size:19px}.elementor-widget-heading .elementor-heading-title.elementor-size-large{font-size:29px}.elementor-widget-heading .elementor-heading-title.elementor-size-xl{font-size:39px}.elementor-widget-heading .elementor-heading-title.elementor-size-xxl{font-size:59px}<\/style><h2 class=\"elementor-heading-title elementor-size-default\">Sobre mim<\/h2>\t\t<\/div>\n\t\t\t\t<\/div>\n\t\t\t\t<div class=\"elementor-element elementor-element-a1ce7ff elementor-widget elementor-widget-heading\" data-id=\"a1ce7ff\" data-element_type=\"widget\" data-widget_type=\"heading.default\">\n\t\t\t\t<div class=\"elementor-widget-container\">\n\t\t\t<h2 class=\"elementor-heading-title elementor-size-default\">Sou psic\u00f3loga formada pela Universidade S\u00e3o Judas Tadeu, com \u00eanfase em psicologia cl\u00ednica, na abordagem psicodin\u00e2mica. Al\u00e9m disso, sou p\u00f3s-graduada em Psicologia Cl\u00ednica na PUC-RS e estudo sobre a Escuta Psicanal\u00edtica na Sociedade Brasileira de Psican\u00e1lise de S\u00e3o Paulo. \n<br><br> \nSou apaixonada pelo entendimento da mente humana e por como podemos atrav\u00e9s do <b>v\u00ednculo terap\u00eautico<\/b> criar possibilidades que te ajudem a entender seus <b>medos<\/b>, <b>desejos<\/b>, <b>traumas<\/b> e como isso interfere em sua vida.\n<br><br>\nDesde 2015, quando iniciei minha gradua\u00e7\u00e3o, mergulhei no universo da psican\u00e1lise, que \u00e9 a abordagem utilizada em toda minha trajet\u00f3ria de atendimentos e tamb\u00e9m temas de estudo ou cursos.\n<br><br>\nApesar de sempre ter tido o desejo de atuar exclusivamente com psicologia cl\u00ednica, tenho experi\u00eancia no mundo corporativo, em que atuei grande parte do tempo como recrutadora de empresas de tecnologia. Decidi me dedicar totalmente aos atendimentos cl\u00ednicos ao perceber que o que quero alcan\u00e7ar com a psicologia \u2014 que \u00e9 oferecer <b>acolhimento<\/b> e <b>qualidade de vida<\/b> para as pessoas, vou encontrar no atendimento cl\u00ednico e no v\u00ednculo terap\u00eautico.\n<br><br>\nNa pr\u00e1tica cl\u00ednica tenho experi\u00eancia com temas como <b>ansiedade<\/b>, <b>compuls\u00f5es<\/b>, <b>depend\u00eancia afetiva<\/b>, <b>ang\u00fastia<\/b>, <b>tristeza<\/b>, <b>relacionamentos<\/b>, <b>autoestima<\/b>, <b>identidade de g\u00eanero<\/b>, <b>agressividade<\/b>, <b>estresse<\/b>, entre outros.\n<br> <br>\nAgende sua primeira sess\u00e3o e d\u00ea o primeiro passo rumo ao seu bem-estar emocional e crescimento pessoal.\n\n<\/h2>\t\t<\/div>\n\t\t\t\t<\/div>\n\t\t\t\t\t<\/div>\n\t\t<\/div>\n\t\t\t\t\t\t\t<\/div>\n\t\t<\/section>\n\t\t\t\t\t\t\t<\/div>\n\t\t","protected":false},"excerpt":{"rendered":"<p>Sobre mim Sou psic\u00f3loga formada pela Universidade S\u00e3o Judas Tadeu, com \u00eanfase em psicologia cl\u00ednica, na abordagem psicodin\u00e2mica. Al\u00e9m disso, sou p\u00f3s-graduada em Psicologia Cl\u00ednica na PUC-RS e estudo sobre a Escuta Psicanal\u00edtica na Sociedade Brasileira de Psican\u00e1lise de S\u00e3o Paulo. Sou apaixonada pelo entendimento da mente humana e por como podemos atrav\u00e9s do v\u00ednculo [&hellip;]<\/p>\n","protected":false},"author":2,"featured_media":0,"parent":0,"menu_order":0,"comment_status":"closed","ping_status":"closed","template":"","meta":{"footnotes":""},"class_list":["post-424","page","type-page","status-publish","hentry"],"_links":{"self":[{"href":"https:\/\/gabrielasilvapsicologa.com.br\/index.php?rest_route=\/wp\/v2\/pages\/424","targetHints":{"allow":["GET"]}}],"collection":[{"href":"https:\/\/gabrielasilvapsicologa.com.br\/index.php?rest_route=\/wp\/v2\/pages"}],"about":[{"href":"https:\/\/gabrielasilvapsicologa.com.br\/index.php?rest_route=\/wp\/v2\/types\/page"}],"author":[{"embeddable":true,"href":"https:\/\/gabrielasilvapsicologa.com.br\/index.php?rest_route=\/wp\/v2\/users\/2"}],"replies":[{"embeddable":true,"href":"https:\/\/gabrielasilvapsicologa.com.br\/index.php?rest_route=%2Fwp%2Fv2%2Fcomments&post=424"}],"version-history":[{"count":43,"href":"https:\/\/gabrielasilvapsicologa.com.br\/index.php?rest_route=\/wp\/v2\/pages\/424\/revisions"}],"predecessor-version":[{"id":1118,"href":"https:\/\/gabrielasilvapsicologa.com.br\/index.php?rest_route=\/wp\/v2\/pages\/424\/revisions\/1118"}],"wp:attachment":[{"href":"https:\/\/gabrielasilvapsicologa.com.br\/index.php?rest_route=%2Fwp%2Fv2%2Fmedia&parent=424"}],"curies":[{"name":"wp","href":"https:\/\/api.w.org\/{rel}","templated":true}]}}